s digit of 18 + k*(-1)/(-1)?
7
Let a be 56/6*(-9)/(-6). What is the units digit of 399/a + (-2)/4?
8
Let j(t) = 9*t**2 + 8*t + 5. Let b(q) = -4*q**2 - 4*q - 2. Let k(f) = -7*b(f) - 3*j(f). What is the tens digit of k(-6)?
1
Let w = 3 - 4. Suppose 0*s + 18 = 4*u + 2*s, -2*s - 6 = 0. What is the units digit of 1 + (w - -1) + u?
7
Let l(x) = -3*x**3 - x**2 - 2*x - 1. What is the units digit of l(-3)?
7
Let m(w) = -w**2 + 4*w - 1. Let t be m(3). Suppose t*j + 2*j - 16 = 0. What is the units digit of j?
4
Let p = 7 - 7. Suppose -u - 4*u + 10 = p. Let g = 13 + u. What is the units digit of g?
5
Suppose 0 = -2*m - l + 242, -2*m - 2*m + l = -472. What is the hundreds digit of m?
1
Let s = -13 + 19. Let r = 15 - s. What is the units digit of r?
9
What is the units digit of (-2)/(-3)*(-1788)/(-8)?
9
Let r(h) = 8*h - 2. Let l be -3 + 0 - (-2 + -6). What is the tens digit of r(l)?
3
Suppose 5*g - 2*l - 45 = -3*l, -g + 20 = -2*l. What is the tens digit of 15/25 - (-144)/g?
1
Suppose -2*h + 0*h = -22. Suppose 0 = 4*r + h - 115. Suppose -2*t - r = -5*c, 4*c - 3*t - 13 = 3*c. What is the units digit of c?
4
Let f(c) = -2*c**2 - 3. Let v be f(5). What is the units digit of v/(-5) + 4/10?
1
Suppose 33*s - 28*s = 450. What is the tens digit of s?
9
Let i(q) = -3*q - 2*q + q. What is the units digit of i(-3)?
2
Let h(r) = 2*r**2 + 2*r - 3. What is the tens digit of h(-6)?
5
Suppose 3*x + 4*c - 460 = x, 5*x - 1215 = 3*c. What is the tens digit of x?
4
What is the tens digit of 7/(2*2/12)?
2
Suppose -7 + 3 = 2*w - 2*t, 0 = -2*w - 4*t + 20. What is the tens digit of ((-6)/3 - -19) + w?
1
Suppose 0 = -4*s - 3*x - 2*x + 14, 2*x - 2 = 2*s. Let g(q) = 7*q**2. What is the units digit of g(s)?
7
Let m(r) = 5*r**2 + r + 2. Let d be m(-2). Let w = d + -11. What is the units digit of w?
9
Suppose -b = -4*n + 9, 5*n = 4*b - 6 + 20. Suppose -j + 9 = 4*h - 3*h, -n*j + h = -6. What is the units digit of j?
5
What is the units digit of -203*(39/(-33) - 2/(-11))?
3
Suppose -4*l - 87 = -l. Suppose 3*k = 4*k + 21. Let x = k - l. What is the units digit of x?
8
Let s = 5 + -3. Suppose s*b + 3 = -3*y + 106, 4*y = -2*b + 134. What is the units digit of y?
1
Let f(w) = w**2 + 9*w + 6. Let t be f(-6). Let c be (-10)/(-6) - 4/t. Suppose -c = -4*g + 2. What is the units digit of g?
1
Suppose 3*m = m - 16. Let f = m - -8. Suppose -2*s + 34 = -f*s. What is the units digit of s?
7
Suppose 0 = 4*u - 3*b + 24, -4*u - 5*b - 24 - 32 = 0. Let i(t) = t**2 + 9*t + 3. Let l be i(u). What is the units digit of (-1 + -2)/(l/(-2))?
2
Suppose 12*q - 9*q = 408. What is the hundreds digit of q?
1
Suppose -3*x = -2*x + 3. What is the tens digit of 0/(-4) + x + 21?
1
Suppose 0*r + 100 = -5*r. Let z = 8 + -42. Let s = r - z. What is the units digit of s?
4
Let q(c) = 9*c + 52. What is the units digit of q(7)?
5
Suppose m - p + 6 = 0, p - 12 = 5*m - 3*m. Let c(j) = -5*j - 2 + 14*j + j**2 - 5*j. What is the tens digit of c(m)?
1
Let h(t) = -9*t - 3. Let n be -7 + 5 - 4/2. Let k(s) = -2*s - 1. Let b(w) = n*h(w) + 15*k(w). What is the units digit of b(2)?
9
Let d(h) = -2*h**3 - 4*h**2. What is the units digit of d(-3)?
8
Let f(z) = -z**3 + 4*z**2 + 5. Let d be f(4). Let q = 8 + d. What is the tens digit of q?
1
Suppose 3*p = -4*v + 173, -388 = -5*p - 2*v - 123. What is the units digit of p?
1
Let s = 269 - 177. What is the tens digit of s?
9
Let x = 10 - 3. Suppose -4*y + 4 = s + x, 3 = -5*y - s. Suppose 2*m = -y*m + i + 20, 0 = 3*m + 5*i - 17. What is the units digit of m?
9
Let i = -97 + 188. What is the units digit of i?
1
Let c = -4 + 14. What is the units digit of c?
0
Let t(x) = 3*x - 1. Let p be t(1). What is the units digit of 4 + -1 + -1 + p?
4
Suppose -4*j + 0*j = -360. Let m be j/12*8/(-3). What is the units digit of (-5)/m - (-46)/8?
6
Let q(s) = s**2 + s + 8. Let t be (-2)/5 - (-8)/20. What is the units digit of q(t)?
8
Suppose -4*w = -2*w + 6, -v - 7 = 2*w. Let z(t) = -t**3 + 2*t + 1. Let r be z(v). Suppose 3*g - 12 = -r*g. What is the units digit of g?
4
Suppose 3*s + 70 = -8. Let d be s + (-4 - (0 - 2)). What is the units digit of ((-1)/2)/(2/d)?
7
Suppose 16*o - 305 = 11*o. What is the units digit of o?
1
Let s = -2 + 2. Suppose 3*a + a - 48 = s. What is the tens digit of a?
1
Suppose 3*z - 434 = d, 145 + 13 = z + 3*d. What is the hundreds digit of z?
1
Let x = 27 - 19. Let b(n) be the first derivative of n**2 - 4*n - 2. What is the tens digit of b(x)?
1
Let u(s) = s**2 - 8*s - 5. Let q be u(8). Let t(f) = -f. What is the units digit of t(q)?
5
Let k be 14/(-4) + 2/4. Let u = -105 - -128. What is the units digit of 2/k*(2 - u)?
4
Let t = -8 + 8. Suppose t = -0*q + 2*q - 4*g + 16, -4*q + g = -3. Suppose 2*p + 2*l - 4 = 12, 0 = -q*p + 5*l - 19. What is the units digit of p?
3
What is the tens digit of ((-51)/6)/(4/(-8))?
1
Let c(w) = 19*w - 4. Let r be c(3). Suppose -r = -3*p + 7. Suppose -p = -4*d + 3*d. What is the tens digit of d?
2
Suppose 5*s - 12 = 3. Suppose 6 = -s*l + 21. Suppose -2*d + d - i = -15, -i = l*d - 79. What is the units digit of d?
6
Suppose 0 = 3*y - 5*y. Let g(u) = -u - 2. Let x be g(-4). Suppose y = -p + x, s + 3*p - 51 = -4*s. What is the units digit of s?
9
Let q(y) = -y**2 - 10*y + 7. What is the tens digit of q(-8)?
2
Let z(f) be the first derivative of -f**2/2 - 3*f - 2. Let p be z(-8). Suppose p*y = -6 + 71. What is the tens digit of y?
1
Let n(s) be the first derivative of -s**3/3 + s**2/2 + s - 2. Let f(v) = -4*v**2 + 12*v - 6. Let l(p) = f(p) - 3*n(p). What is the units digit of l(7)?
5
Let i be 3 + 12*(-3 - -11). Suppose -26 = -5*a + i. What is the tens digit of a?
2
Suppose h = -h + 40. What is the units digit of h/(-3)*(2 + -5)?
0
Let i = -366 + 530. What is the hundreds digit of i?
1
Let s(r) = 2*r**2 + 5*r + 1. What is the tens digit of s(-5)?
2
What is the hundreds digit of 2*184 - (-7 + 5 + 1)?
3
Suppose 0*v + 2*r = -v + 3, 3*v = r + 9. Suppose -15 = v*f, p - 4*f + 2 = 29. Suppose -5*j + p*j - 2*n = 6, 2*n = 5*j - 12. What is the units digit of j?
2
Let m(q) = 8*q**2 - q - 12. What is the hundreds digit of m(-6)?
2
Suppose -5*p - t + 56 = 0, -5*p + 43 = -p - t. Let c = p - 19. Let x = 11 + c. What is the units digit of x?
3
Suppose -5*f + 4*o = 0, -4*f + 4 = -3*o + 3. Suppose f*k - 5*k = 0. Suppose 4*w + k*w - 4*z = 4, 0 = 3*w - 4*z - 3. What is the units digit of w?
1
Let m(g) = -g**3 + 5*g**2 + g - 7. Let a be m(5). Let l be 10/4 - a/(-4). What is the units digit of (-3)/1 + (l - -9)?
8
Let f = -116 + 275. Let n be f/4 - (-1)/4. Suppose 3*s + 10 = n. What is the tens digit of s?
1
Let d(c) = -c**3 + 2*c**2 - 2*c + 3. Let k be d(2). Let g be (1 - 0)*(-1)/k. Let j = 2 - g. What is the units digit of j?
1
Suppose -7*m + 10*m - 264 = 0. What is the tens digit of m?
8
Let z = 105 - 4. What is the hundreds digit of z?
1
Suppose 1 = 3*y + 19. Let d be 2*(-5)/(15/y). Suppose -d*t - 37 = -4*v + t, -5*t - 13 = -v. What is the units digit of v?
8
Suppose 0*r = -r + 4. Suppose 5*g = r*g + 4. Suppose -3*u - 3*p = -6, 2*p + 22 = g*u - 16. What is the units digit of u?
7
Let u = 4 + 0. Suppose 3*v - u*m = 41 + 10, -5*m = 4*v - 37. Suppose -3*d + v = -0*d - o, -3*o + 26 = 4*d. What is the units digit of d?
5
Suppose 0 = -3*o - 2*m, -2*m = 2*m + 12. Suppose f = b + 18, -4*b = -f + o*f + 2. What is the units digit of f?
4
Let w = 5 - 2. Suppose w*n - 3 = 4*n. Let h = -2 - n. What is the units digit of h?
1
Let o(x) = x**2 + 7*x - 6. What is the units digit of o(-8)?
2
Let v = 18 + -13. Suppose 4*d + f = -10, v*d + 6 = f + f. Let r = 4 + d. What is the units digit of r?
2
Let r = 102 + -72. What is the tens digit of r?
3
Let c(k) = -k**3 + 2*k**2 - 2*k + 1. Let z be c(1). Suppose z = -4*v - 5*d + 26, 2*v - 5*d - 2 = -v. What is the units digit of v?
4
Let h(i) = -i**2 - 8*i. Let j be h(-7). Let a = 15 - j. Suppose -3*v + a*v = y - 19, -4*y + 28 = 4*v. What is the units digit of y?
9
Suppose 2*t + 2*t - 22 = 5*g, 17 = 5*t - g. Let x(s) = -s**2 - 5*s - 5. Let d be x(-6). Let u = t - d. What is the units digit of u?
4
Suppose -3*q - 89 = -4*p + 3*p, -3*q - 285 = -3*p. What is the tens digit of p?
9
Let c(j) = 49*j**3 + 2*j**2 - j. What is the tens digit of c(1)?
5
Suppose 5*z - 30 = -2*t, 2*t + z - 30 = -0*z. What is the units digit of t?
5
Suppose 3*z = d + 418, 12*d - 9*d 